*h + x = 3*x - 16031, 0 = -4*h - x + 12826. Let l = 4452 + h. Suppose 6*j - 8943 = l. Is j composite?
False
Let p(l) = 30308*l + 1245. Is p(6) a prime number?
False
Let n(k) = 2*k**3 - 21*k**2 - 25*k + 21. Let m(x) = -3*x**3 + 31*x**2 + 37*x - 31. Let h(s) = -5*m(s) - 7*n(s). Let u be h(9). Is (614/(3 + -5))/(u*1) prime?
True
Suppose 5*k + 5*y - 6990 = 0, -3*y - 1402 = -0*k - k. Is k a prime number?
True
Let k be (0/(-1))/(-3*6/18). Suppose -2*p + k = 4, 4687 = -5*s - p. Let b = s - -3086. Is b a composite number?
True
Let v be (-2)/(1 - (-45)/(-36)). Suppose -6*a - 32537 = -v*a + 3*m, 4*a + m = 65095. Is a a composite number?
False
Suppose -3*n = o - 286765, -81*n - 3*o = -79*n - 191158. Is n a prime number?
False
Let o = -49 - -47. Let v be (6/(-12))/(o/3732). Suppose p - v = -p + m, -m = -1. Is p a composite number?
False
Suppose -35763 = 223*h - 244*h. Let y = h + -85. Is y composite?
True
Let u(c) be the third derivative of -35*c**4/8 - 37*c**3/3 + 23*c**2. Let b(q) = 211*q + 149. Let l(f) = 3*b(f) + 5*u(f). Is l(20) a composite number?
False
Let u = 4923 + -1369. Let x = -13 - -178. Suppose -c = -u + x. Is c composite?
False
Suppose -q + 5*v = -9183, 5*q + v = 6*q - 9175. Is q composite?
False
Suppose -57*h + 1517063 + 76542 = 8*h. Is h prime?
True
Suppose -8*z + 1366816 = -4*u, 341694 = 2*z - 13*u + 17*u. Is z composite?
False
Let q(k) = 2*k**2 - 652*k - 47. Is q(-52) a composite number?
True
Suppose 2*i - w + 11084 = -11007, 5*w + 11029 = -i. Let y = i - -24399. Is y a prime number?
False
Let i(p) = -p**2 + 10*p + 176647. Is i(0) a composite number?
True
Suppose -1345138 = -4*x - 3*m, -x + 336290 = 8*m - 10*m. Is x a prime number?
False
Is (5159/(-385))/((-2)/430) a composite number?
True
Let z be 0/(-1) - 18/(-5 - -3). Let y(r) = -r + 12. Let n be y(z). Suppose -4*d + n*o + 3322 + 1347 = 0, 0 = 2*d + 3*o - 2321. Is d composite?
True
Is ((-4)/18)/(((-544)/(-526896))/(-17)) prime?
True
Let a(t) be the second derivative of t**2 + 859/4*t**4 + 0 + 0*t**3 - 14*t. Is a(-1) composite?
False
Let m = -31 - -17. Let n be (0 - 8824/m) + (-12)/42. Suppose 4*b + o = n, -4*b = 3*o - o - 632. Is b a composite number?
False
Let y(v) = -49*v + 1180. Let i be y(24). Let q(p) = -553*p + 3. Let o(u) = 554*u - 4. Let k(b) = -2*o(b) - 3*q(b). Is k(i) a prime number?
True
Suppose 3*h - 24 = 2*l, -18*h = -22*h + 4*l + 32. Let y(m) = 4*m**3 - 28*m**2 - m + 11. Is y(h) composite?
True
Let g(o) = -5*o**3 - 4*o - 4. Let p be g(-1). Suppose -10 = -p*s, -5*j + s = -1868 - 360. Is j prime?
False
Let x(b) = b**3 - 7*b**2 - b + 11. Let t be x(7). Let w be (16/(-4))/t - 1. Is w/4*(5 - 6331) composite?
False
Let p = 18812 - 13388. Suppose -4*l + p = -7964. Is l composite?
False
Let j(q) = -1261*q - 111. Let z be j(-17). Suppose z + 5089 = 9*n. Is n a prime number?
False
Let t(l) = -40 - 18*l**3 - 17*l**2 + 52*l**3 - 16*l**3 - 27*l - 19*l**3. Suppose b - 2*b - 17 = 0. Is t(b) a prime number?
True
Let k = 825797 + -560796. Is k a prime number?
False
Suppose 25193 - 224248 = i - 3*k, -i - 4*k - 199090 = 0. Is i/(-70) + (-36)/42 a composite number?
False
Let a(p) = 305*p**2 + 2*p - 109. Is a(6) a composite number?
False
Let l(i) = -9*i**3 + 28*i**2 + 47*i + 19. Let o(y) = -25*y**3 + 83*y**2 + 140*y + 58. Let c(k) = -11*l(k) + 4*o(k). Is c(20) a composite number?
True
Let c = 24449 + -13182. Is c prime?
False
Is ((-129)/4)/(33*(-31)/16677628) a composite number?
True
Let n be 4/18 - 68/(-18). Suppose i - 1648 = 7*x - 3*x, n*i - 6592 = 5*x. Let r = i + -1013. Is r prime?
False
Let y be (78/(-9) + 0)/((-13)/1092). Suppose -10*u + y = -362. Is u composite?
False
Let x be (-6)/(-33) - (0 + 65058/22). Let n = -1198 - x. Is n a composite number?
False
Suppose -4*d - 15*q + 1796979 = -12*q, 4*q = -d + 449235. Is d a prime number?
False
Is 19485 + 11 - (2/2*-3 + 1) a prime number?
False
Let g be (-83429)/(-1*3/3). Suppose -24*r + g = -5*r. Is r prime?
True
Suppose -12*n = -5*n - 357. Suppose -2*v = -281 + n. Is v a composite number?
True
Suppose -5*k + 11*k = -42. Let n be 24/(-42) + (-3238)/k. Let q = -313 + n. Is q prime?
True
Let w(c) = 564*c**2 + 693*c**2 - 3*c + 12*c**2 - 234*c**2 + 5. Is w(2) a prime number?
True
Let a(n) = 108*n**2 + 4*n - 5. Let i be a(-4). Suppose i = s - 2558. Is s a prime number?
False
Let h = -123 + 111. Let a be ((-4)/h)/((-2)/(-24)). Suppose -d = a*d - 3*x - 4870, 0 = 2*d + 5*x - 1917. Is d a composite number?
False
Let s(b) = b**2 + 3*b - 2. Let z be s(-4). Is 390 - (z + (-9)/1) composite?
False
Suppose -3*m + 17552 = c, 4*c - 111*m - 70181 = -114*m. Is c composite?
True
Suppose 2*k + 2*k + 5*g = -57, -5*k - 2*g - 50 = 0. Let x be (-27)/(-36) + 2/8. Is x/(-5) + (53376/(-10))/k a composite number?
True
Let r(o) = -41*o**3 - 2*o**2 - 2. Let g(w) = -w**2 + 6*w + 52. Let a be g(11). Is r(a) a composite number?
False
Suppose -5*a + 53*m + 116365 = 58*m, -5*a + 116361 = 4*m. Is a a composite number?
False
Let h be -6*4*3/6. Let v(u) be the second derivative of -13*u**3/6 + 23*u**2/2 - 39*u + 1. Is v(h) composite?
False
Let j(n) = 465*n**2 + 4*n - 19. Is j(20) prime?
False
Let m(s) = -2*s**3 + 15*s**2 - 8*s + 7. Let i be m(7). Let l(u) = 4*u + 853. Is l(i) a composite number?
False
Suppose i - 96557 = 2*g, 0 = 2*i - g - 42637 - 150471. Is i composite?
False
Suppose -2*a = 4*u - 31860, -3*u = 17*a - 12*a - 23881. Is u a composite number?
True
Suppose -339664 = 14*w + 78*w. Suppose -3*b + 5*b = 10902. Let d = w + b. Is d composite?
False
Let g(f) = f**3 + 32*f**2 + 12*f - 5. Let p = 104 - 116. Is g(p) a prime number?
True
Let n = -621 + 640. Suppose 0 = n*k + 324438 - 1110677. Is k a prime number?
True
Let d(y) = 88340*y - 699. Is d(4) a composite number?
False
Let n(s) = s**3 + 9*s**2 + 8*s + 4. Let v be n(-8). Let y be ((-4)/3)/(v/6) - -2012. Suppose y = 2*k + 3*k - 5*f, -k + 2*f = -407. Is k composite?
False
Suppose j + 2*j - 3 = -2*k, -2*j - 3*k = -7. Let f(z) = -11*z**3 + z**2 + z. Let y be f(j). Suppose y*h - 10*h = 379. Is h prime?
True
Let x = -616756 - -1220055. Is x a prime number?
False
Is 1077550/(-690)*(-3)/5 prime?
True
Suppose -d = -5*d - 2*m + 22, 0 = m - 3. Suppose -3*z - y - 46 = -6*z, -d*z = -4*y - 72. Is (16/(-14))/(-4) + 4672/z prime?
False
Let b be (1/(-2))/((-10)/(-20))*2797. Let t = b + 5518. Is t composite?
True
Suppose 0 = 4*q + 35920 + 14692. Let k = 35904 + q. Is k a composite number?
False
Let g(q) = -q**2 + 2*q + 1. Let t(j) = -3*j**2 - 2*j - 2. Let d(v) = -5*g(v) + t(v). Let w be d(10). Suppose w = l + 6. Is l a composite number?
False
Suppose -k + 76 = -4*j, -4*j + 2*k = 61 + 11. Let z = -7 - j. Let x(h) = h**2 + 12*h + 4. Is x(z) composite?
True
Suppose 4*o - 4*d = 349548, 5*o + 8*d - 436927 = 11*d. Is o a composite number?
False
Let f = 9 - 7. Let d = 106 - 101. Suppose o - 3*i - 645 = -151, f*o + d*i - 977 = 0. Is o prime?
True
Suppose -4*l - 48 = -28. Is (l - -3)/(14/(-3493)) composite?
False
Let v(h) = h**3 + 4*h**2 + h + 1. Let g be v(-3). Let q(o) = 30*o**2 - 11*o - 62*o**2 + 41*o**2 + 3*o**3 + 4. Is q(g) a composite number?
True
Let d(j) = -j**3 + 7*j**2 + 16*j + 8. Let p be d(9). Is 2*(2 - 145/p) prime?
False
Let n(q) = 517*q**3 + q - 1. Suppose -w - 13 = -4*z, 0 = -2*z - 0*z - 2*w + 4. Suppose -j = z*k - 2, -2*k + k = 5*j + 4. Is n(k) composite?
True
Let s be (5 - (-48)/(-8))*-6654. Suppose -5256 = -10*v + s. Is v composite?
True
Let w(x) = 36*x + 21. Let t be w(9). Suppose -5*v + 290 = -t. Is v composite?
False
Suppose 4*j - 2*t + 182 = -0*t, -4*j - 3*t - 187 = 0. Suppose 0 = -0*a + 2*a - 66. Let n = a - j. Is n composite?
False
Let i = 207 + -325. Let z = i + 120. Suppose z*j - 6859 = -3*j - l, -2*j = -5*l - 2722. Is j a composite number?
True
Let c(v) = 3*v**2 + v - 2. Let m be c(-7). Suppose 0 = -5*x - 3*w + m, 3*x - 5*w - 76 = -0*x. Suppose -u + 446 = -x. Is u prime?
False
Let w be 2540 + -3 + (-2 - -2 - -1). Let r = 255 - w. Let n = 4486 + r. Is n a prime number?
True
Let h be (-1213)/2*(-45 - -1). Suppose -15*c = 7*c - h. Is c composite?
False
Suppose -136*l + 30074 = -147*l. Let p = -243 - l. Is p a composite number?
True
Let s(m) = m + 1. Let v be s(4). Let x = -23 + v. Is (1437*12/x)/(2/(-1)) prime?
True
Suppose 9*j = -2*q + 190561, -5*q + 55*j + 476490 = 60*j. Is q composite?
True
Let r(d) = -d**2 - 15